-8) + 6 + (-189)/36. What is l(v)?
4
Let d(n) = -n - 13. Let q(r) = -6*r - 58. Let u be q(-9). Calculate d(u).
-9
Suppose 11*p = 10*p - 3*w, 3*w = p + 18. Let k(h) = h**3 + 9*h**2 + h. Determine k(p).
-9
Let o be (-2)/(1 - 3) + 0. Let q(v) = 2*v**3 - 16*v - 25. Let d(n) = -3*n - 4. Let f(h) = -6*d(h) + q(h). Give f(o).
3
Let a(y) = -6*y - 3. Let o be a(0). Let l(s) = s**3 + 2*s**2 - 5*s - 4. What is l(o)?
2
Let t(d) = -3*d**2 - 6*d - 4. Let c(x) = x**3 - 16*x**2 - 31*x - 20. Let w(m) = -2*c(m) + 11*t(m). Let v be w(-1). Let i(l) = 16*l**3 - 1. What is i(v)?
15
Let r(x) = x**3 - 5*x**2 + x + 2. Let u(f) = -6*f + 12 - 95 + 34. Let d be u(-9). What is r(d)?
7
Let o(n) = 2*n**3 - n**2 + 4*n + 3. Let s(w) = 6*w + 5*w**3 + 10 - 2*w**2 - 2 + 5*w. Let a(h) = -8*o(h) + 3*s(h). Calculate a(2).
2
Let w = 656 - 643. Let g(x) = x**2 - 13*x - 2. Determine g(w).
-2
Let m(y) = 6*y + 41. Let a(f) = 3*f**3 - 41*f**2 - 14*f - 5. Let o be a(14). Calculate m(o).
11
Let p(j) = -3*j - 1. Let c(n) = -9*n - 19. Let x(r) = -4*r - 6 - 4 + 0. Let s(d) = 3*c(d) - 7*x(d). Let b be s(-12). Calculate p(b).
-4
Let a = -1836 + 1847. Let z(p) be the second derivative of p**4/12 - 11*p**3/6 - 3*p. Give z(a).
0
Let m(s) be the second derivative of s**7/840 - s**5/60 - s**4/24 - 6*s**3 - 24*s. Let n(q) be the second derivative of m(q). Give n(2).
3
Suppose w + 12 = -3*d, -3*d + 0*d = 4*w + 21. Let o(z) = 4*z**2 - 3*z - 7. What is o(d)?
38
Let n(b) = -b**3 - 2*b**2 + 4*b. Let p(w) = -w**3 + 12*w**2 - 19*w - 5. Let l be p(10). Let z be ((-6)/10)/((3/l)/3). What is n(z)?
-3
Let d(z) = -z**3 - 14*z**2 - 11*z + 27. Let y be d(-13). Let k(t) = -10*t**2. What is k(y)?
-10
Let j(a) = -a**2 + 6*a + 2. Let k(n) = 2*n + 5. Let o be k(9). Suppose 3*q = 4*m + o, -2*q + 2*m = -q - 9. Calculate j(q).
7
Suppose 2*m - 8 = -2*y, 0 = -5*m - 0*y - y + 4. Suppose 5*p = -m*p. Let n = p - -2. Let a(g) = 3*g**2 + 4*g - 3. Determine a(n).
17
Let o(c) = 19*c**2 - 12*c**3 - 3*c**2 + 14*c**3 - 3*c**3 - 4 + 18*c - 16. Determine o(17).
-3
Let v(r) = r**3 - 5*r**2 - 4*r - 6. Let m(l) = -3*l**3 + 15*l**2 + 11*l + 18. Let c(u) = 3*m(u) + 8*v(u). Calculate c(5).
11
Let t(z) = -7*z - 49. Let p(r) = -4*r - 28. Let d(n) = -5*p(n) + 3*t(n). Calculate d(-10).
3
Let g = -2 - 0. Let k(x) be the third derivative of 0*x + 3*x**2 + 1/3*x**3 - 5 - 1/6*x**4. Give k(g).
10
Let r(q) = q**3 - 8*q**2 - 9*q + 5. Let y be r(9). Suppose h + y*k - 1 = 2*h, -3*k = 0. Let p(l) = -l - 2. Give p(h).
-1
Let f(r) = -r**2 + 5*r + 2. Let h(j) = 4*j**3 + j**2 + j + 1. Let q be h(-1). Let v = -66 - -68. Let s be v - q*(-4)/(-3). What is f(s)?
-4
Let a(y) = -1917 + 0*y + 6*y + 1918 + 27*y. Determine a(-1).
-32
Let y = 2351 + -2355. Let h(k) = k**2 + k + 1. Let r(c) = 2*c**2 + 6*c. Let s(t) = h(t) - r(t). Give s(y).
5
Let o(u) be the second derivative of -u**7/280 + u**5/120 + 5*u**4/3 + 11*u. Let w(h) be the third derivative of o(h). Give w(-1).
-8
Suppose -j + 5 = -4*y, 4*y = -8*j + 5*j - 17. Let w(v) = -20*v**2 - 2*v - 2. Give w(y).
-78
Let y(t) be the first derivative of -2*t**2 - t + 204. Give y(8).
-33
Let v = -398 - -409. Let f(s) = -3*s + 24. Calculate f(v).
-9
Let v(z) = -5*z**3 + 4*z**2 + 35*z + 6. Let t(j) = -4*j**3 + 5*j**2 + 33*j + 6. Let i(r) = 6*t(r) - 5*v(r). What is i(-7)?
-8
Let b(s) = 2*s**3 + 2*s + 1. Suppose 0 = 3*u + 115 - 112. Determine b(u).
-3
Let t = 32 + -25. Let c(l) = 4 - 6 + 4 - 3 - t*l**3 + l. Let n = 6 - 5. Calculate c(n).
-7
Let d(j) = j + 4. Suppose -2*c - 3*o - 30 + 4 = 0, -4*o = 5*c + 51. Determine d(c).
-3
Let o(m) be the first derivative of -m**2/2 - 2*m + 35. Let w(v) = -v**2 + 5*v. Let y be w(3). Give o(y).
-8
Let u be -2 + 0/(-1) + 4. Suppose 0 = 2*q + 5*r - 31, u*q - 55 = -3*q - 5*r. Let z(a) = 3*a + 0 + 4*a - a**2 - 1 - q*a. Give z(-1).
-1
Let u(z) = -8 - 10 + 18 - 9*z + 11*z. Calculate u(3).
6
Let n(b) = -150*b + 1208. Let m be n(8). Let x(w) = -7*w**3 + 16*w**2 + 2*w + 3. Let q(y) = 4*y**3 - 8*y**2 - y - 2. Let g(s) = 5*q(s) + 3*x(s). Calculate g(m).
7
Suppose 2*d - 61 = -0*d + 3*o, -4*d + 134 = -2*o. Suppose -7*q - d = -12*q. Let i(a) = a - 8. What is i(q)?
-1
Let g = 9 - 5. Let t = -2 + g. Let p(m) = -2 + 8 - 5 - t*m. Determine p(-2).
5
Let i(q) be the third derivative of q**5/60 + 5*q**4/12 + q**3 - 4*q**2 + 10*q. What is i(-9)?
-3
Let p be 1/2*(-1 - -7). Suppose -4*h - p*h = 28. Let w(a) = -2*a + 4. Give w(h).
12
Let f(c) be the second derivative of -1/12*c**4 + c**2 + 0 - 7/6*c**3 + 17*c. Calculate f(-7).
2
Let c(w) = -1 + 4840*w**2 + 1 - w**3 - 4841*w**2. Let j(u) = -u**3 + 6*u**2 - u. Let m(i) = -2*c(i) + j(i). What is m(-8)?
8
Let b(g) = g**3 + 32 - 18*g + 40*g - 23*g - 26*g**2. Give b(26).
6
Let d(c) be the third derivative of c**6/120 + c**5/12 - 5*c**4/24 - c**3 + 14*c**2. Let w(u) = -2*u + 12. Let s be w(9). Determine d(s).
-12
Let b(m) = 3*m**3 - m**2. Let y = -5 - -4. Let x be b(y). Let w(g) = -2*g - 4. Let i(v) = -2*v - 5. Let p(s) = 3*i(s) - 4*w(s). Determine p(x).
-7
Let t(a) = -a - 4. Let k be t(-7). Let y(u) = -3*u**3 + u - u**2 - 5*u**3 + 9*u**k. Give y(1).
1
Let x(m) = m**3 + 6*m. Let w(z) = 3*z**3 - z**2 + 17*z + 1. Let y(j) = 3*w(j) - 8*x(j). Determine y(3).
12
Suppose 0*v + v = 14. Let u = 11 - v. Let c(b) be the first derivative of -2*b**3/3 - 3*b**2/2 - b - 1. Calculate c(u).
-10
Let t = -7 + 7. Let z(f) = f**3 + f**2 + f - 6. Let g be z(t). Let i(c) = -32*c + 44*c + 2 - 14*c. What is i(g)?
14
Suppose -s - 7 = -c - 0*s, -s = 4*c - 8. Let p(u) = -4*u**2 + 1 - 24*u + c*u**2 + 31*u. Determine p(5).
11
Let p = 15 - 20. Let s(x) be the first derivative of x**4/4 + 5*x**3/3 - x**2/2 - 3*x + 11. What is s(p)?
2
Let r(f) = -15*f - 22. Let m be 1 - (-66)/(-62) - (-1800)/(-930). Give r(m).
8
Let i(z) = -z**3 + 9*z**2 + z + 6. Let d be i(8). Let l(m) = -6 + d*m + 4 - 77*m. Give l(-5).
-7
Let v(q) be the first derivative of -q**3/6 - 5*q**2 - 76*q + 76. Let u(z) be the first derivative of v(z). Suppose 0*m = 2*m + 12. Give u(m).
-4
Let d(x) = x**3 - 3*x**2 + 3*x. Let f be d(2). Let o(l) = -3 - l - f + 3 + 4. Suppose 0 = 31*y - 24*y - 56. What is o(y)?
-6
Suppose -4*u = 4*d - 6*d + 36, 0 = -3*u - 4*d - 5. Let r(v) = 5*v + 2. Give r(u).
-33
Let b(v) be the first derivative of -v**4/12 + v**3/3 - 7*v**2/2 + 17. Let a(h) be the second derivative of b(h). Determine a(-5).
12
Let y(p) = -p - 16. Let s = 383 + -391. Calculate y(s).
-8
Let f(j) be the third derivative of -j**4/12 + j**3 - 2*j**2 - 8. Calculate f(-7).
20
Suppose -3 = -5*f - 2*h, 0 = 5*h + 9 - 4. Suppose o = 3*y + 6*o + 37, 4*y - 3*o = -f. Let q(u) = -2*u**2 - 5*u + 4. Calculate q(y).
-8
Let q(d) = 2*d + 1. Let t be q(2). Let c(m) = -2*m**3 - m**2 - 2*m - 1. Let w be c(-1). Let s(y) = 9*y**2 + 6*y - 1 + t - 4*y**w - 4*y**2. Calculate s(-5).
-1
Let f(s) = s**3 + 4*s**2 - 4*s. Let m(o) = o**3 + 4*o**2 - 3*o - 1. Let l(y) = -3*f(y) + 2*m(y). Let d be (2/3)/(4/(-30)). Calculate l(d).
-7
Suppose q = -2*i + 11, -9 = -q - 2*q. Let b be 4*i/(-12)*(-5 - 1). Let r(n) = -n**3 + 9*n**2 - 7*n - 2. What is r(b)?
6
Let x(m) = -m**2 + 4. Let y = 42 - 39. Suppose -g = y*g + 12. Determine x(g).
-5
Let w(o) = o + 7. Let j(r) = -r**3 - 2*r**2 + 3. Let x be j(-3). Suppose 0 = -7*l + x*l - 25. Calculate w(l).
12
Let b(w) = -w**2 + 2*w + 7. Let i(u) be the third derivative of 11*u**4/24 + 61*u**3/6 + 50*u**2. Let v be i(-6). Calculate b(v).
-28
Let y(p) be the third derivative of -19*p**4/24 + p**3/6 - 202*p**2. What is y(-2)?
39
Let t(r) = -2*r + 11. Let h = 14 + -22. Give t(h).
27
Let r(c) be the second derivative of -c**4/12 + c**3 + 4*c**2 + 42*c - 2. Determine r(6).
8
Let u(s) = 9*s + 2 + 5*s - 16*s. What is u(8)?
-14
Let l(h) = 2*h - 3. Suppose -5*f + 591 = -p + 2*p, 5*p = -4*f + 456. Suppose 3*d + 35 = f. Let b be (-38)/8 - 7/d. Give l(b).
-13
Let b be (5 + (-4)/8*6)*1. Let l(c) = c**3 + 726 - 8*c**2 + 6*c + 3*c**2 - 722 - 4*c**b. What is l(8)?
-12
Let f(p) = 60*p + 8. Let i(k) = -21*k - 3. Let s(a) = -6*f(a) - 17*i(a). Suppose -3*y - d - 2 = -13, -4 = -2*d. Let z = y - 0. Give s(z).
-6
Let o = 9 + -15. Suppose 0 = -3*n + n - 12. Let x(y) = 5*y - 4. Let u(m) = m. Let a(p) = n*u(p) + x(p). Calculate a(o).
2
Suppose m - 10 = -m. Let k(w) = -3*w + 27. Let l be k(10). Let i(g) = -3*g - 5. Let o(u) = -4*u - 6. Let z(q) = l*i(q) + 2*o(q). Determin